{"id":14,"date":"2021-09-27T12:59:26","date_gmt":"2021-09-27T10:59:26","guid":{"rendered":"https:\/\/www.skiverleih-stuhleck.at\/shopverleih\/agb\/"},"modified":"2023-12-04T08:51:13","modified_gmt":"2023-12-04T07:51:13","slug":"agb","status":"publish","type":"page","link":"https:\/\/www.skiverleih-stuhleck.at\/shopverleih\/agb\/","title":{"rendered":"AGB"},"content":{"rendered":"<p><strong>ALLGEMEINE GESCH\u00c4FTSBEDINGUNGEN f\u00fcr die Ausr\u00fcstungsvermietung (Skiverleih)<\/strong><\/p><div style=\"height:10px\" aria-hidden=\"true\" class=\"wp-block-spacer\"><\/div><p><a href=\"https:\/\/www.skiverleih-stuhleck.at\/shopverleih\/wp-content\/uploads\/2023\/12\/AGB-Skiverleih-Stuhleck.pdf\" target=\"_blank\" rel=\"noreferrer noopener\">AGB (PDF-Format)<\/a><\/p><div style=\"height:20px\" aria-hidden=\"true\" class=\"wp-block-spacer\"><\/div><p>1) Die nachfolgenden Allgemeinen Gesch\u00e4ftsbedingungen werden vollinhaltlich vom Vertragspartner, somit dem Mieter, angenommen, abweichende Bedingungen oder Absprachen haben keine G\u00fcltigkeit, nur dann, wenn diese schriftlich vom Vermieter, somit Frau Andrea Gatschelhofer, best\u00e4tigt wurden. Vertragspartner sind somit der Vermieter einerseits und der Mieter andererseits, wobei bei Kindern unter 18 Jahren die Eltern die Haftung \u00fcbernehmen, sowie diese Vertragspartner sind oder bei anderen Begleitpersonen dieselben.<\/p><div style=\"height:30px\" aria-hidden=\"true\" class=\"wp-block-spacer\"><\/div><p><strong>2) Vertragsabschluss:<\/strong> Der Mietvertrag erlangt G\u00fcltigkeit durch Ausfolgung der Mietgegenst\u00e4nde.<\/p><div style=\"height:30px\" aria-hidden=\"true\" class=\"wp-block-spacer\"><\/div><p><strong>3) Vertragssprache:<\/strong> Als Vertragssprache wird Deutsch vereinbart und erkl\u00e4rt der Mieter mit seiner Unterschrift auch, von dieser ausreichend Kenntnis zu haben, um die Allgemeinen Gesch\u00e4ftsbedingungen zu verstehen. Ein allf\u00e4lliger Aushang dieser Allgemeinen Gesch\u00e4ftsbedingungen in einer anderen Sprache als Deutsch dient lediglich der Unterst\u00fctzung des Verst\u00e4ndnisses f\u00fcr den Mieter, \u00e4ndert jedoch nichts an der vereinbarten Vertragssprache.<\/p><div style=\"height:30px\" aria-hidden=\"true\" class=\"wp-block-spacer\"><\/div><p><strong>4) Bindungsanpassung und Nutzungsrecht<\/strong>: Der Mieter wird ausdr\u00fccklich auf die Wichtigkeit der richtigen pers\u00f6nlichen Informationen belehrt, insbesondere da diese zur Bindungsanpassung ben\u00f6tigt werden. Aufgrund dieses Umstandes, dass die Bindungen individuell nach den angegebenen K\u00f6rperma\u00dfen und dem Fahrk\u00f6nnen angepasst sind, ist eine \u00dcbertragung der Mietgegenst\u00e4nde an andere Personen ausdr\u00fccklich verboten. Die Mietausr\u00fcstung darf somit nur vom angegebenen Mieter genutzt werden. Ein Umtausch auf h\u00f6herwertige Produkte ist gegen Aufzahlung jederzeit m\u00f6glich.<\/p><div style=\"height:30px\" aria-hidden=\"true\" class=\"wp-block-spacer\"><\/div><p><strong>5) Kundeneigene Ausr\u00fcstung<\/strong>: Der Mieter\/K\u00e4ufer darf eigene Ausr\u00fcstung dem Vermieter\/Verk\u00e4ufer nur zur Kombination mit Miet-\/Verkaufsgegenst\u00e4nden \u00fcbergeben, wenn diese (die kundeneigene Ausr\u00fcstung) allen g\u00fcltigen Normen entspricht. Der Vermieter\/Verk\u00e4ufer tr\u00e4gt keinerlei Verantwortung oder Haftung f\u00fcr vom Kunden mitgebrachte Ausr\u00fcstung, oder durch vom Kunden mitgebrachte Ausr\u00fcstung entstandene Sch\u00e4den.<\/p><div style=\"height:30px\" aria-hidden=\"true\" class=\"wp-block-spacer\"><\/div><p><strong>6) Abholung\/R\u00fcckgabe der Mietausr\u00fcstung<\/strong>: <\/p><p>Der Mietvertrag beginnt mit Abholung und Ausfolgung der Mietgegenst\u00e4nde und sind dieselben bis l\u00e4ngstens 17:00 Uhr des vereinbarten R\u00fcckgabetages am Verleihort r\u00fcckzubringen. Die Mietpreise werden auf der Grundlage von einem Kalendertag berechnet, und gelten nur f\u00fcr aufeinanderfolgende Tage. Sollte es der Mieter verabs\u00e4umen, die Mietausr\u00fcstung fristgerecht zur\u00fcckzugeben, wird f\u00fcr jeden angefangenen Tag, den die Mietausr\u00fcstung ausst\u00e4ndig ist, die Geb\u00fchr f\u00fcr einen weiteren Miettag, zum jeweiligen Tagessatz in Rechnung gestellt. F\u00fcr eine vorzeitige R\u00fcckgabe wird kein Ersatz geleistet.<\/p><p>Bei Buchungen\/Reservierungen kann das konkret gew\u00fcnschte Modell nicht garantiert werden, sondern nur ein Modell aus der gebuchten\/reservierten Kategorie.<\/p><div style=\"height:30px\" aria-hidden=\"true\" class=\"wp-block-spacer\"><\/div><p><strong>7) Saisonmiete<\/strong>: Eine Saisonmiete ist das vereinbarte Mieten von Mietgegenst\u00e4nden vom Tag der \u00dcbergabe bis sp\u00e4testens dem letzten Tag der Skisaison. Als letzter Tag der Saison ist der letzte Betriebstag der Lifte des Winterbetriebs der Stuhleck Bergbahnen GmbH im Skigebiet Stuhleck festgelegt. Der Tag der \u00dcbergabe von Mietgegenst\u00e4nden hat keine Auswirkung auf den Saisonmietepreis. Eine vorzeitige R\u00fcckgabe der Mietgegenst\u00e4nde hat ebenfalls keine Auswirkungen auf den Saisonmietepreis. Die Saisonmiete ist somit als Pauschale anzusehen, der Preis richtet sich nicht nach der tats\u00e4chlichen Mietdauer. Um die Sicherheit und Funktionalit\u00e4t der Mietgegenst\u00e4nde \u00fcber einen l\u00e4ngeren Zeitraum zu erhalten, ist der Mieter verpflichtet, alle Mietgegenst\u00e4nde sp\u00e4testens nach 15 Nutzungstagen beim Vermieter \u00fcberpr\u00fcfen zu lassen. Kommt der Mieter dieser Verpflichtung nicht nach oder werden die maximal zul\u00e4ssigen 15 Nutzungstage \u00fcberschritten, ist die Sicherheit und Funktionalit\u00e4t der Mietgegenst\u00e4nde nicht mehr gew\u00e4hrleistet, und f\u00fcr den Vermieter entf\u00e4llt jegliche Haftung und Verantwortung.<\/p><div style=\"height:30px\" aria-hidden=\"true\" class=\"wp-block-spacer\"><\/div><p><strong>8) Nutzungsbedingungen<\/strong>: Die Mietgegenst\u00e4nde sind lediglich auf den offiziellen und freigegebenen Skipisten zu verwenden, ein Befahren unwegsamen Gel\u00e4ndes oder Stra\u00dfen ist wegen der damit verbundenen Gefahr f\u00fcr den Mieter, dritter Personen und Gefahr der Sachbesch\u00e4digung der Mietgegenst\u00e4nde ausdr\u00fccklich verboten.<\/p><div style=\"height:30px\" aria-hidden=\"true\" class=\"wp-block-spacer\"><\/div><p><strong>9) Haftung<\/strong>: Der Mieter haftet in voller H\u00f6he f\u00fcr Sch\u00e4den an den Mietgegenst\u00e4nden und auch bei Diebstahl. Bei einem Verlust oder bei Sch\u00e4den ist jeweils der Zeitwert zu ersetzen. Es wird darauf hingewiesen, dass die Mietgegenst\u00e4nde nicht versichert sind; ein normaler Verschlei\u00df am Mietobjekt l\u00f6st keine Haftungsfolgen oder Schadenersatzanspr\u00fcche des Vermieters aus. Der Kunde hat daher daf\u00fcr zu sorgen, dass der Mietgegenstand so verwahrt wird, dass eine Verwechslung oder ein Diebstahl verhindert wird. Bei Zuwiderhandlungen gegen die auferlegten Verwahrungspflichten haftet der Kunde f\u00fcr den Zeitwert. Der Mieter erkl\u00e4rt weiters, \u00fcber geeignete skifahrerische Kenntnisse zu verf\u00fcgen, sodass ihm das Befahren der von ihm gew\u00e4hlten H\u00e4nge jederzeit m\u00f6glich ist und erkl\u00e4rt der Mieter auch, das angemietete Material f\u00fcr angemessen und angebracht seinen skifahrerischen K\u00fcnsten zu erachten.<\/p><div style=\"height:30px\" aria-hidden=\"true\" class=\"wp-block-spacer\"><\/div><p><strong>10) Bruch- und Diebstahlschutz<\/strong>: Bei Inanspruchnahme des Bruch- und Diebstahlschutzes \u00fcbernimmt der Vermieter die ihm entstandenen Kosten durch Besch\u00e4digung oder Diebstahl der Mietgegenst\u00e4nde. Ausgenommen davon sind mutwillige Besch\u00e4digungen. Im Fall eines Diebstahls ist innerhalb von 24 Stunden die Vorlage einer polizeilichen Anzeige durch den Mieter beim Vermieter erforderlich, bei Nichtvorlage hat der Mieter dem Vermieter den Zeitwert der betroffenen Mietgegenst\u00e4nde zu ersetzen.<\/p><p>Der Bruch und Diebstahlschutz kann ausschlie\u00dflich im Zuge des Verleihvorganges in Anspruch genommen werden, nach \u00dcbergabe der Mietgegenst\u00e4nde an den Mieter ist keine Inanspruchnahme mehr m\u00f6glich.<\/p><div style=\"height:30px\" aria-hidden=\"true\" class=\"wp-block-spacer\"><\/div><p><strong>11) Onlinebuchung: <\/strong>Erfolgt eine Buchung von Mietgegenst\u00e4nden online, so stimmt der Mieter mit seiner Zustimmung zu den Allgemeinen Gesch\u00e4ftsbedingungen auch der elektronischen Rechnungs\u00fcbermittlung via E-Mail an die von ihm angegebene E-Mail-Adresse, sowie dem auf der Buchungswebsite ersichtlichen Widerrufsrecht und der ebendort angef\u00fchrten Datenschutzerkl\u00e4rung zu.<\/p><div style=\"height:30px\" aria-hidden=\"true\" class=\"wp-block-spacer\"><\/div><p><strong>12) Gerichtsstand:<\/strong> Ausdr\u00fccklich wird unter den Vertragspartnern der Gerichtsstand des Bezirksgerichtes M\u00fcrzzuschlag vereinbart.<\/p><div style=\"height:30px\" aria-hidden=\"true\" class=\"wp-block-spacer\"><\/div><p class=\"has-text-align-center\"><strong>Skischule Stuhleck-Verleih<\/strong><\/p><p class=\"has-text-align-center\"><strong>Inhaberin Andrea Gatschelhofer<\/strong><\/p><p class=\"has-text-align-center\">Kaltenbachstra\u00dfe 12a<\/p><p class=\"has-text-align-center\">8684 Spital am Semmering<\/p>","protected":false},"excerpt":{"rendered":"<p>ALLGEMEINE GESCH\u00c4FTSBEDINGUNGEN f\u00fcr die Ausr\u00fcstungsvermietung (Skiverleih) AGB (PDF-Format) 1) Die nachfolgenden Allgemeinen Gesch\u00e4ftsbedingungen werden vollinhaltlich vom Vertragspartner, somit dem Mieter, angenommen, abweichende Bedingungen oder Absprachen haben keine G\u00fcltigkeit, nur dann, wenn diese schriftlich vom Vermieter, somit Frau Andrea Gatschelhofer, best\u00e4tigt wurden. Vertragspartner sind somit der Vermieter einerseits und der Mieter andererseits, wobei bei Kindern unter [&hellip;]<\/p>\n","protected":false},"author":1,"featured_media":0,"parent":0,"menu_order":0,"comment_status":"closed","ping_status":"closed","template":"page-sonstiges.php","meta":{"footnotes":""},"class_list":["post-14","page","type-page","status-publish","hentry"],"_links":{"self":[{"href":"https:\/\/www.skiverleih-stuhleck.at\/shopverleih\/wp-json\/wp\/v2\/pages\/14","targetHints":{"allow":["GET"]}}],"collection":[{"href":"https:\/\/www.skiverleih-stuhleck.at\/shopverleih\/wp-json\/wp\/v2\/pages"}],"about":[{"href":"https:\/\/www.skiverleih-stuhleck.at\/shopverleih\/wp-json\/wp\/v2\/types\/page"}],"author":[{"embeddable":true,"href":"https:\/\/www.skiverleih-stuhleck.at\/shopverleih\/wp-json\/wp\/v2\/users\/1"}],"replies":[{"embeddable":true,"href":"https:\/\/www.skiverleih-stuhleck.at\/shopverleih\/wp-json\/wp\/v2\/comments?post=14"}],"version-history":[{"count":3,"href":"https:\/\/www.skiverleih-stuhleck.at\/shopverleih\/wp-json\/wp\/v2\/pages\/14\/revisions"}],"predecessor-version":[{"id":4233,"href":"https:\/\/www.skiverleih-stuhleck.at\/shopverleih\/wp-json\/wp\/v2\/pages\/14\/revisions\/4233"}],"wp:attachment":[{"href":"https:\/\/www.skiverleih-stuhleck.at\/shopverleih\/wp-json\/wp\/v2\/media?parent=14"}],"curies":[{"name":"wp","href":"https:\/\/api.w.org\/{rel}","templated":true}]}}